342. What are the prime factors of t?
11, 29
Suppose -19249 = -17*k - 5649. Let q = 1155 - k. List the prime factors of q.
5, 71
Let p(u) = 2*u**2 - 5*u - 12. Let o be p(10). Let q = o + -85. Suppose 3*j + 11 = q. List the prime factors of j.
2, 7
Let s = 666 + 475. Suppose 5*g + 181 = s. What are the prime factors of g?
2, 3
Let x = 14963 - 8487. List the prime factors of x.
2, 1619
Let r(l) = -l**3 + 13*l**2 + 3*l + 5. Let j = 53 + -50. Suppose 0 = -5*b - j*a + 113 - 45, 0 = 4*b - 2*a - 50. What are the prime factors of r(b)?
2, 11
Let w be 25/(-15)*(-72)/10. Let b(u) = u**3 - 4*u**2 - 17*u - 2. What are the prime factors of b(w)?
2, 11, 43
Let a(d) = 15 + 5*d - 2*d - 7*d + 11*d. Let f be a(-15). What are the prime factors of -2 + 1 - (4 + f)?
5, 17
Suppose -9*f = 3923 - 15344. Let s = 2084 - f. List the prime factors of s.
5, 163
Suppose -78 = 3*n - 78. Suppose -2*b - t - 4*t + 136 = 0, n = -3*t. Suppose -3*m = -b - 28. List the prime factors of m.
2
Let c(v) = -77*v + 83. Let h be c(-12). Let n = h - 586. List the prime factors of n.
421
Let f(d) = d**3 + 2*d**2 + 19*d + 139. List the prime factors of f(18).
6961
Let c(v) = -98*v - 3690. List the prime factors of c(-81).
2, 3, 59
Let d(m) = -18*m + 199. Let q be d(8). Let x = 143 - q. List the prime factors of x.
2, 11
Suppose -302 - 98 = 4*i. List the prime factors of 25/i + 85*(-2)/(-8).
3, 7
Let v = 13452 - -1738. What are the prime factors of v?
2, 5, 7, 31
Let i be ((-2)/(1 - -3))/((-2)/44). Let c = i - 9. Suppose c*l + 300 = 5*l. What are the prime factors of l?
2, 5
What are the prime factors of 6961*7 + (372 - 391)?
2, 3, 11, 41
Let x(v) = -3*v - 1. Let n be x(-3). What are the prime factors of (n/5)/((-12)/(-3450)*5)?
2, 23
Suppose -3081 = 16*t + 2983. List the prime factors of (4 + 1 + t)*-1.
2, 11, 17
Let h = -17970 - -35834. List the prime factors of h.
2, 7, 11, 29
Suppose -10 = 3*k - 4*a, -3*k - 2*a + 0 = -14. Suppose -l = 2*f - 1232, 0 = 2*l + l - k*f - 3656. List the prime factors of l.
2, 13, 47
Let p be (5/(-4))/(4/(-16)). Suppose 0 = -8*i + p + 99. Suppose -49 = -r - i. What are the prime factors of r?
2, 3
Let i = 16622 - 4345. What are the prime factors of i?
12277
Let k = 3671 + 2424. What are the prime factors of k?
5, 23, 53
Let s = 3422 - -20478. List the prime factors of s.
2, 5, 239
Let d = -1 + 3. Suppose 11*x - 12*x - 4*y = -20, 0 = -3*x + 4*y - 4. Suppose d*r - 4*l = 18, r + l - 9 = x*l. List the prime factors of r.
3
Let a(i) = -i**2 + 6*i - 8. Let h be a(3). Let u be ((2760/9)/5)/(h/6). Suppose -y + 5*y = u. List the prime factors of y.
2, 23
Suppose 15473 = 3*c - 0*l + 4*l, -3*c + 3*l = -15480. What are the prime factors of c?
7, 11, 67
Suppose -3 = 4*h - 0*c + 3*c, 5*h = 5*c + 5. Suppose h = -4*j + 20*j - 5904. What are the prime factors of j?
3, 41
Suppose -c - 37 + 38 = 0. Suppose -4 - c = 5*t, -2*o + t = -279. Suppose -3*f - 2*m = -o, 0 = -4*f - 0*f + 3*m + 208. List the prime factors of f.
7
List the prime factors of 18/(-15)*19070/(-3).
2, 1907
Let s be 140/((-14 - -13)*1). Suppose b - 2*b = 237. Let j = s - b. List the prime factors of j.
97
Let k be 0*((-10)/4 - -2). Suppose k = 3*x - 8*x - 3*y + 4883, 5*x = y + 4879. Suppose 0 = -5*r - 3*r + x. List the prime factors of r.
2, 61
Suppose -246662 = 9*z + 37549. List the prime factors of 4/10 - z/115.
5, 11
Let v = 565 + -462. Suppose v*s - 96*s = 6615. What are the prime factors of s?
3, 5, 7
Let j(d) = -4*d + 3. Let o be j(1). Let l be ((-22)/(-10) + o)*(-34 + 44). Suppose 456 = l*z - 8*z. What are the prime factors of z?
2, 3, 19
Suppose 0 = -19*c + 25*c + 36324. What are the prime factors of ((-2)/4)/(4 + 24219/c)?
1009
Let v(j) = 8*j - 10. Let f(c) = 21*c - 19. Let w(l) = l. Let g(x) = f(x) - 4*w(x). Let a(t) = 6*g(t) - 14*v(t). List the prime factors of a(-11).
2, 17
Suppose -60 = -27*s + 23*s. Suppose 3090 = -5*j + s*j. Let h = j + -159. What are the prime factors of h?
2, 3, 5
Let f(a) = -1932*a + 121. List the prime factors of f(-3).
61, 97
Let t(j) = -7*j**3 + 2*j**2 + 7*j + 14. Let f be t(5). Let v be (-10)/(-65) - f/26. What are the prime factors of ((-30)/9)/((-1)/v)?
2, 5
Suppose -140*a + 218*a = -315*a + 10642833. List the prime factors of a.
3, 17, 59
List the prime factors of 3*(6/15 - 1807202/(-170)).
3, 10631
Let z(r) = -11*r + 122. Suppose 2*u + 38 = -3*q, 4*u - 6 = 3*q + 8. List the prime factors of z(q).
2, 29
Let k = 9 - -69. Suppose 5*b + 96 - 266 = 0. Suppose -b = -x + k. What are the prime factors of x?
2, 7
Let o(u) = 105*u**3 - u**2 + u + 1. Let l be o(1). Suppose -l - 317 = -3*b - d, -5*b - 3*d + 709 = 0. List the prime factors of b.
2, 5, 7
Let z(j) = 5*j**2 + 4*j - 6. Let h(m) = 3*m**2 + 37 - 42 + 4*m + 3*m**2. Let i(w) = 5*h(w) - 4*z(w). List the prime factors of i(-3).
7, 11
List the prime factors of 3 - -12 - (-21 + -2122).
2, 13, 83
Let k = 80 - 116. Let n = k + 34. List the prime factors of (-64 + n)*4/(-8).
3, 11
Let g be ((-6)/5)/(226/113565). Let j = g + 1151. List the prime factors of j.
2, 137
Suppose -4*u = -c - 15, -3*u + 4*c = 3*c - 10. Suppose w - u = 0, 4*z - z - 2*w - 998 = 0. What are the prime factors of z?
2, 3, 7
What are the prime factors of (-4 - -8 - 7/4)/((-19)/(-6156))?
3
Let i(v) = 2*v**2 + 40*v + 73. Let c be i(-18). List the prime factors of (4 + c)*(-33)/55 - -708.
3, 5, 47
Let c = 80042 - 33628. List the prime factors of c.
2, 23, 1009
Suppose 0 = -9*a + 22585 + 19418. What are the prime factors of a?
13, 359
Let m(l) = -l**3 + 68*l**2 + 31*l - 1039. What are the prime factors of m(65)?
11, 17, 73
Let k be 360/(-3060) + 117/(-17). Let y(u) be the second derivative of u**5/20 + 3*u**4/4 - 11*u**3/6 - 15*u**2 - u. List the prime factors of y(k).
5, 29
Suppose -2*j + 3*y + 14882 = 0, -5*j = -8*j - 4*y + 22323. What are the prime factors of j?
7, 1063
Let x(a) = 6*a**3 + a**2 + 127*a - 457. What are the prime factors of x(19)?
29, 1499
What are the prime factors of ((-1008)/10)/((-24)/1200)?
2, 3, 5, 7
Suppose 71*h - 76*h + 540 = 0. Let o(i) = -5*i**2 - 2*i + 2. Let z be o(-2). Let x = h - z. List the prime factors of x.
2, 61
Suppose 5*i = -44 + 9. Let d(u) = 2*u**2 + 3*u - 11. Let q be d(i). Suppose a + 12 = q. What are the prime factors of a?
2, 3
Suppose 5*w + 977*s = 975*s + 4402, w - 860 = 3*s. What are the prime factors of w?
2, 439
Let f = -4216 - -6637. Suppose 521 = -4*t + f. Suppose 0 = -83*x + 88*x - t. What are the prime factors of x?
5, 19
Suppose k + 6*k - 48319 = 6911. What are the prime factors of k?
2, 3, 5, 263
Suppose -a + 11 - 40 = 0. Let r = -26 - a. Suppose 118 = x - 5*n - r, 0 = -5*n. What are the prime factors of x?
11
Let g = -53 - 316. Let i = -120 - g. What are the prime factors of i?
3, 83
Suppose 7*t - 116770 = o - 9856, 2*o = t - 15266. List the prime factors of t.
2, 7, 1091
Let y = -15026 + 21039. List the prime factors of y.
7, 859
Let r(o) = -2*o**2 + 143*o - 1214. What are the prime factors of r(61)?
67
Let f = 319 + 2928. List the prime factors of f.
17, 191
Let o(y) = y**3 - 22*y**2 - 45*y + 1388. Let g be o(21). Suppose 2*s = 2*u - 232, -u - 2*s = 3*u - 458. Suppose -13 + u = g*z. What are the prime factors of z?
3, 17
Suppose 0 = 5*o + q - 44262, -o = -13*q + 8*q - 8842. What are the prime factors of o?
2, 2213
Let z = 63 - 2. Let g = 708 - 532. Suppose 0 = -5*n + g - z. What are the prime factors of n?
23
Suppose -4*q - 2*t - 8 = -5*t, 7 = -5*q + 3*t. Let g = 1 + q. List the prime factors of (-3606)/(-14) + (g - 11/7).
2, 3, 43
Suppose b - 2*b = 23. Let i = -20 - b. Suppose 4*d + 8*f - i*f = 777, 4*d - 801 = 3*f. What are the prime factors of d?
2, 3, 11
Let i(n) = 2*n**3 + 28*n**2 + 27*n - 16. Let b be i(11). Let r = -4441 + b. List the prime factors of r.
2, 3, 5, 7
Let v be 28/(-36) + 12/(-54). Let h be (-1)/(2/40)*(v + 0). Suppose 120 = 4*k - 4*b, k - h = -0*b - b. What are the prime factors of k?
5
Suppose -3*v = -a - 80, v + 299 = -5*a - 85. Let s = -75 - a. Suppose 4*j - s*m - 580 = 0, -4*j - 4*m + 60 = -544. List the prime factors of j.
3, 7
Suppose -4*u + 7603 = 1107. Suppose 2*f = 16*f - u. What are the prime factors of f?
2, 29
Let g be (11/(33/(-254)))/(4/18). Let f = g - -557. What are the prime factors of f?
2, 11
Suppose 5*y + 4*m - 2*m = 102, -3 = -3*m. List the prime factors of (874 